{"id":2292,"date":"2020-06-30T13:05:04","date_gmt":"2020-06-30T11:05:04","guid":{"rendered":"https:\/\/www.crmcarecloud.com\/?page_id=2292"},"modified":"2025-06-03T16:20:37","modified_gmt":"2025-06-03T14:20:37","slug":"ochrana-dat-a-gdpr","status":"publish","type":"page","link":"https:\/\/www.crmcarecloud.com\/cz\/ochrana-dat-a-gdpr\/","title":{"rendered":"Ochrana dat a GDPR"},"content":{"rendered":"<h1>\n\t\tZabezpe\u010den\u00ed, ochrana dat a GDPR\n\t<\/h1>\n\t<h4>Na\u0161e bezpe\u010dnostn\u00ed opat\u0159en\u00ed jdou d\u00e1le ne\u017e k pouh\u00e9mu \u0161ifrov\u00e1n\u00ed dat, ISO 9001, ISO 20000, ISO 27000 certifik\u00e1t\u016fm a dodr\u017eov\u00e1n\u00ed GDPR po\u017eadavk\u016f<\/h4>\n\t\t\t<a href=\"#business-protection\" role=\"button\" target=\"_self\" onclick=\"\" rel=\"noopener\">\n\t\t\t\t\t\t\t\t\t\t\t\t\t\t\t\t\t\t\t\t\t\tZJISTIT V\u00cdCE\n\t\t\t\t\t\t\t<\/a>\n\t\t\t<a href=\"#explore-cloud\" role=\"button\" target=\"_self\" onclick=\"\" rel=\"noopener\">\n\t\t\t\t\t\t\t\t\t\t\t\t\t\t\t\t\t\t\t\t\t\tNAPI\u0160TE N\u00c1M\n\t\t\t\t\t\t\t<\/a>\n<h2>\n\t\tCareCloud byl vyvinut pro ochranu firemn\u00edch i z\u00e1kaznick\u00fdch dat \n\t<\/h2>\n\t<p>N\u00e1\u0161 komplexn\u00ed p\u0159\u00edstup k zabezpe\u010den\u00ed zaji\u0161\u0165uje ochranu dat ve v\u0161ech jejich vstupn\u00edch bodech, p\u0159i jejich ukl\u00e1d\u00e1n\u00ed i b\u011bhem cel\u00e9ho jejich \u017eivotn\u00edho cyklu. Unik\u00e1tn\u00ed a robustn\u00ed prost\u0159ed\u00ed aplikac\u00ed CareCloud je velmi odoln\u00e9 proti r\u016fzn\u00fdm druh\u016fm bezpe\u010dnostn\u00edch incident\u016f. Pro klienty se vyu\u017eit\u00edm CareCloud bezpe\u010dnost dat st\u00e1v\u00e1 intuitivn\u00ed a snadnou.<\/p>\n<h4>\n\t\tSPR\u00c1VA OSOBN\u00cdCH \u00daDAJ\u016e V SOULADU S GDPR\n\t<\/h4>\n\t<p>CareCloud obsahuje \u0159adu funkcionalit, nezbytn\u00fdch pro zabezpe\u010den\u00ed ochrany osobn\u00edch \u00fadaj\u016f, d\u00edky kter\u00fdm spl\u0148uje ve\u0161ker\u00e9 po\u017eadavky GDPR sm\u011brnice a aktu\u00e1ln\u00edch pr\u00e1vn\u00edch p\u0159edpis\u016f. Ov\u011b\u0159en\u00fd u\u017eivatel m\u016f\u017ee administrovat pr\u00e1va subjektu \u00fadaj\u016f jako je v\u00fdmaz osobn\u00edch dat, anonymizace, pseudoanonymizace a omezen\u00ed \u00fa\u010delu zpracov\u00e1n\u00ed.<\/p>\n<p>With CareCloud, you are sure that your staff will not violate any regulation thanks to features managing personal data subject rights. Moreover, your customer service can handle the subject&#8217;s consents based on the subject&#8217;s request and internal policies.<\/p>\n<h4>\n\t\tACCESS RESTRICTION &#038; AUTHORIZATION\n\t<\/h4>\n\t<p>All the data are safe, thanks to authorization during each login to CareCloud keeping unauthorized users out of the system. Every user&#8217;s step is recorded, and logs are accessible to authorized persons to be able to track all user activities.<\/p>\n<p>P\u0159\u00edstupov\u00e1 pr\u00e1va spravujete prost\u0159ednictv\u00edm u\u017eivatelsk\u00fdch rol\u00ed a skupin u\u017eivatel\u016f s p\u0159esnou definic\u00ed p\u0159\u00edstupov\u00fdch pr\u00e1v. D\u00edky tomu jsou vybran\u00e1 firemn\u00ed a z\u00e1kaznick\u00e1 data p\u0159\u00edstupn\u00e1 pouze osob\u00e1m, kter\u00e9 jsou opr\u00e1vn\u011bny s nimi pracovat. U ka\u017ed\u00e9ho u\u017eivatele nastav\u00edte, zda sm\u00ed do dat pouze nahl\u00ed\u017eet nebo je i upravovat a prov\u00e1d\u011bt p\u0159\u00edpadn\u00e9 dal\u0161\u00ed operace zpracov\u00e1n\u00ed jako profilov\u00e1n\u00ed \u010di v\u00fdmaz. Z\u00edsk\u00e1te tak spolehlivou kontrolu nad bezpe\u010dnost\u00ed firemn\u00edch i z\u00e1kaznick\u00fdch dat a procesem jejich zpracov\u00e1n\u00ed.<\/p>\n\t\t\t\t<a href=\"https:\/\/www.crmcarecloud.com\/wp-content\/uploads\/2020\/07\/Security.png\" target=\"_self\" itemprop=\"url\" rel=\"noopener\">\n\t\t\t\t<img loading=\"lazy\" decoding=\"async\" src=\"https:\/\/www.crmcarecloud.com\/wp-content\/uploads\/2020\/07\/Security.png\" alt=\"Security\" itemprop=\"image\" height=\"907\" width=\"1134\" title=\"Security\" onerror=\"this.style.display='none'\"  \/>\n\t\t\t\t<\/a>\n<h4>\n\t\tSPOLEHLIV\u00c1 Z\u00c1LOHA DAT\n\t<\/h4>\n\t<p>Complex processes for backup copy creation assure that you will never lose your data. Thanks to multilevel architecture with computer cluster technology means you don&#8217;t have to worry about your data. The backups are stored at a separate server in other location for up to six months if you would need to recover even very old data.<\/p>\n<h4>\n\t\tPRAVIDELN\u00c9 AUDITY A KONTROLY\n\t<\/h4>\n\t<p>Cortex, jako tv\u016frce a autor platformy CareCloud, je dr\u017eitelem mezin\u00e1rodn\u011b uzn\u00e1van\u00fdch ISO 9001:2017, ISO 20000-1:2011 a ISO 27001:2013 certifik\u00e1t\u016f pro poskytov\u00e1n\u00ed IT a cloud slu\u017eeb, mezi kter\u00e9 pat\u0159\u00ed hosting aplikac\u00ed, spr\u00e1va dat, automatick\u00e9 zpracov\u00e1n\u00ed dat, technick\u00e1 podpora a konzultace.<\/p>\n<p>Pravideln\u00e9 audity a kontroly ze strany intern\u00edho DPO, tedy pov\u011b\u0159ence pro ochranu osobn\u00edch \u00fadaj\u016f a extern\u00edch auditor\u016f zaji\u0161\u0165uj\u00ed vysokou kvalitu ochrany osobn\u00edch \u00fadaj\u016f a potvrzuj\u00ed trval\u00e9 dodr\u017eov\u00e1n\u00ed intern\u00edch sm\u011brnic a platn\u00fdch pr\u00e1vn\u00edch p\u0159edpis\u016f.<\/p>\n<h4>\n\t\tDIGITAL &#038; PHYSICAL SERVER SECURITY\n\t<\/h4>\n\tCareCloud&#8217;s security policies cover both the network and physical access to the servers. Frequent patching and server maintenance assures that the CareCloud application environment is resistant to the majority of cyber-attacks and can react quickly to any unauthorized attempts. All servers are securely in locked racks in a restricted area for maximum protection. Server rooms are impervious to power outages, fire, or any other physical damage.<br \/>\n\n<h4>\n\t\tEFEKTIVN\u00cd \u0158E\u0160EN\u00cd INCIDENT\u016e\n\t<\/h4>\n\t<p>CareCloud doposud nezaznamenal z\u00e1va\u017en\u00e9 naru\u0161en\u00ed bezpe\u010dnosti \u010di jin\u00fd z\u00e1va\u017en\u00fd bezpe\u010dnostn\u00ed incident. P\u0159esto jsou p\u0159ipraveny procesy a postupy pro rychl\u00e9 a efektivn\u00ed vy\u0159e\u0161en\u00ed p\u0159\u00edpadn\u00e9ho incidentu. V p\u0159\u00edpad\u011b naru\u0161en\u00ed bezpe\u010dnosti jsou spu\u0161t\u011bny procesy rychl\u00e9 obnovy a zaji\u0161t\u011bn\u00ed bezpe\u010dnosti v\u0161ech p\u0159\u00edstup\u016f. Sou\u010d\u00e1st\u00ed proces\u016f obnovy je rychl\u00fd a \u00fapln\u00fd reporting pro zasa\u017een\u00e9 strany i relevantn\u00ed st\u00e1tn\u00ed org\u00e1ny.<\/p>\n\t\t\t<a href=\"#application-overview\" role=\"button\" target=\"_self\" onclick=\"\" rel=\"noopener\">\n\t\t\t\t\t\t\t\t\t\t\t\t\t\t\t\t\t\t\t\t\t\tOBJEVTE V\u00cdCE\n\t\t\t\t\t\t\t<\/a>\n\t\t\t<a href=\"#explore-cloud\" role=\"button\" target=\"_self\" onclick=\"\" rel=\"noopener\">\n\t\t\t\t\t\t\t\t\t\t\t\t\t\t\t\t\t\t\t\t\t\tNAPI\u0160TE N\u00c1M\n\t\t\t\t\t\t\t<\/a>\n<h4>\n\t\tZ\u00cdSKEJTE ODPOV\u011aDI\n\t<\/h4>\n<h2>\n\t\tLet&#8217;s Talk CLOUD and Explore How to Grow Your Business\n\t<\/h2>\n<h4>\n\t\tORIGIN\u00c1LN\u00cd CARECLOUD APLIKACE\n\t<\/h4>\n<h2>\n\t\tRozv\u00edjejte sv\u016fj business s podporou t\u011bchto integrovan\u00fdch aplikac\u00ed\n\t<\/h2>\n    <!-- If we need navigation buttons -->\n    <!-- Slider main container -->\n        <!-- Additional required wrapper -->\n            <!-- Slides -->\n            <a href=\"\/cz\/customer-360-view\/\">\n                <img decoding=\"async\" src=\"https:\/\/www.crmcarecloud.com\/wp-content\/uploads\/2020\/05\/applications-background-crm.png\" alt=\"\" \/>\n                Z\u00e1kazn\u00edk 360\n            <\/a>\n            <a href=\"\/cz\/kampane-a-segmentace\/\">\n                <img decoding=\"async\" src=\"https:\/\/www.crmcarecloud.com\/wp-content\/uploads\/2020\/05\/applications-background-ecs@2.png\" alt=\"\" \/>\n                Kampan\u011b a segmentace\n            <\/a>\n            <a href=\"\/cz\/marketing-automation\/\">\n                <img decoding=\"async\" src=\"https:\/\/www.crmcarecloud.com\/wp-content\/uploads\/2020\/05\/applications-background-ma-2.png\" alt=\"\" \/>\n                Marketingov\u00e1 automatizace\n            <\/a>\n            <a href=\"\/cz\/analyza-a-predikce\/\">\n                <img decoding=\"async\" src=\"https:\/\/www.crmcarecloud.com\/wp-content\/uploads\/2020\/05\/applications-background-reporting-2.png\" alt=\"\" \/>\n                Anal\u00fdza a predikce\n            <\/a>\n            <a href=\"\/cz\/vernostni-programy\/\">\n                <img decoding=\"async\" src=\"https:\/\/www.crmcarecloud.com\/wp-content\/uploads\/2020\/05\/applications-background-administrace-2.png\" alt=\"\" \/>\n                V\u011brnostn\u00ed programy\n            <\/a>\n            <a href=\"https:\/\/www.crmcarecloud.com\/cz\/additional-integrations\/#application-warehouse\">                <img decoding=\"async\" src=\"https:\/\/www.crmcarecloud.com\/wp-content\/uploads\/2020\/05\/applications-background-pcs-2.png\" alt=\"\" \/>                Shipments &#038; Warehouse            <\/a>\n            <a href=\"https:\/\/www.crmcarecloud.com\/cz\/additional-integrations\/#application-invoices\">                <img decoding=\"async\" src=\"https:\/\/www.crmcarecloud.com\/wp-content\/uploads\/2020\/05\/applications-background-invoices-2.png\" alt=\"\" \/>                Billing &#038; Invoices            <\/a>\n            <a href=\"https:\/\/www.crmcarecloud.com\/cz\/additional-integrations\/#application-eshop\">                <img decoding=\"async\" src=\"https:\/\/www.crmcarecloud.com\/wp-content\/uploads\/2020\/05\/applications-background-eshop-2.png\" alt=\"\" \/>                E-shop &#038; Administration            <\/a>\n            <a href=\"https:\/\/www.crmcarecloud.com\/cz\/additional-integrations\/#application-webmail\">                <img decoding=\"async\" src=\"https:\/\/www.crmcarecloud.com\/wp-content\/uploads\/2020\/05\/applications-background-webmail-2.png\" alt=\"\" \/>                Webmail server            <\/a>\n            <a href=\"https:\/\/www.crmcarecloud.com\/cz\/additional-integrations\/#application-reservation\">                <img decoding=\"async\" src=\"https:\/\/www.crmcarecloud.com\/wp-content\/uploads\/2020\/05\/applications-background-orls-2.png\" alt=\"\" \/>                Rezerva\u010dn\u00ed syst\u00e9m            <\/a>\n    <!-- If we need navigation buttons -->\n<link rel=\"stylesheet\" href=\"https:\/\/unpkg.com\/swiper\/css\/swiper.min.css\"\/>\n<link rel=\"stylesheet\" href=\"https:\/\/cdn.carecloud.cz\/crmcarecloud.com\/apps-overview\/apps-overview.css\"\/>","protected":false},"excerpt":{"rendered":"<p>Security Policy, Data Protection and GDPR Our security policy and data protection is going far beyond data encryption, ISO 9001, ISO 20000, ISO 27000 certification and GDPR compliance Learn more Get in Touch CareCloud Is Developed to Protect Customer Personal Data and Your Business Our complex approach to security warrants data protection of all entry&hellip;<\/p>","protected":false},"author":2,"featured_media":0,"parent":0,"menu_order":0,"comment_status":"closed","ping_status":"closed","template":"","meta":{"footnotes":"","_wp_rev_ctl_limit":""},"class_list":["post-2292","page","type-page","status-publish","hentry"],"_links":{"self":[{"href":"https:\/\/www.crmcarecloud.com\/cz\/wp-json\/wp\/v2\/pages\/2292","targetHints":{"allow":["GET"]}}],"collection":[{"href":"https:\/\/www.crmcarecloud.com\/cz\/wp-json\/wp\/v2\/pages"}],"about":[{"href":"https:\/\/www.crmcarecloud.com\/cz\/wp-json\/wp\/v2\/types\/page"}],"author":[{"embeddable":true,"href":"https:\/\/www.crmcarecloud.com\/cz\/wp-json\/wp\/v2\/users\/2"}],"replies":[{"embeddable":true,"href":"https:\/\/www.crmcarecloud.com\/cz\/wp-json\/wp\/v2\/comments?post=2292"}],"version-history":[{"count":5,"href":"https:\/\/www.crmcarecloud.com\/cz\/wp-json\/wp\/v2\/pages\/2292\/revisions"}],"predecessor-version":[{"id":9119,"href":"https:\/\/www.crmcarecloud.com\/cz\/wp-json\/wp\/v2\/pages\/2292\/revisions\/9119"}],"wp:attachment":[{"href":"https:\/\/www.crmcarecloud.com\/cz\/wp-json\/wp\/v2\/media?parent=2292"}],"curies":[{"name":"wp","href":"https:\/\/api.w.org\/{rel}","templated":true}]}}

<h1>
		Zabezpečení, ochrana dat a GDPR
	</h1>
	<h4>Naše bezpečnostní opatření jdou dále než k pouhému šifrování dat, ISO 9001, ISO 20000, ISO 27000 certifikátům a dodržování GDPR požadavků</h4>
			<a href="#business-protection" role="button" target="_self" onclick="" rel="noopener">
																						ZJISTIT VÍCE
							</a>
			<a href="#explore-cloud" role="button" target="_self" onclick="" rel="noopener">
																						NAPIŠTE NÁM
							</a>
<h2>
		CareCloud byl vyvinut pro ochranu firemních i zákaznických dat 
	</h2>
	<p>Náš komplexní přístup k zabezpečení zajišťuje ochranu dat ve všech jejich vstupních bodech, při jejich ukládání i během celého jejich životního cyklu. Unikátní a robustní prostředí aplikací CareCloud je velmi odolné proti různým druhům bezpečnostních incidentů. Pro klienty se využitím CareCloud bezpečnost dat stává intuitivní a snadnou.</p>
<h4>
		SPRÁVA OSOBNÍCH ÚDAJŮ V SOULADU S GDPR
	</h4>
	<p>CareCloud obsahuje řadu funkcionalit, nezbytných pro zabezpečení ochrany osobních údajů, díky kterým splňuje veškeré požadavky GDPR směrnice a aktuálních právních předpisů. Ověřený uživatel může administrovat práva subjektu údajů jako je výmaz osobních dat, anonymizace, pseudoanonymizace a omezení účelu zpracování.</p>
<p>With CareCloud, you are sure that your staff will not violate any regulation thanks to features managing personal data subject rights. Moreover, your customer service can handle the subject&#8217;s consents based on the subject&#8217;s request and internal policies.</p>
<h4>
		ACCESS RESTRICTION &#038; AUTHORIZATION
	</h4>
	<p>All the data are safe, thanks to authorization during each login to CareCloud keeping unauthorized users out of the system. Every user&#8217;s step is recorded, and logs are accessible to authorized persons to be able to track all user activities.</p>
<p>Přístupová práva spravujete prostřednictvím uživatelských rolí a skupin uživatelů s přesnou definicí přístupových práv. Díky tomu jsou vybraná firemní a zákaznická data přístupná pouze osobám, které jsou oprávněny s nimi pracovat. U každého uživatele nastavíte, zda smí do dat pouze nahlížet nebo je i upravovat a provádět případné další operace zpracování jako profilování či výmaz. Získáte tak spolehlivou kontrolu nad bezpečností firemních i zákaznických dat a procesem jejich zpracování.</p>
				<a href="https://www.crmcarecloud.com/wp-content/uploads/2020/07/Security.png" target="_self" itemprop="url" rel="noopener">
				<img loading="lazy" decoding="async" src="https://www.crmcarecloud.com/wp-content/uploads/2020/07/Security.png" alt="Security" itemprop="image" height="907" width="1134" title="Security" onerror="this.style.display='none'"  />
				</a>
<h4>
		SPOLEHLIVÁ ZÁLOHA DAT
	</h4>
	<p>Complex processes for backup copy creation assure that you will never lose your data. Thanks to multilevel architecture with computer cluster technology means you don&#8217;t have to worry about your data. The backups are stored at a separate server in other location for up to six months if you would need to recover even very old data.</p>
<h4>
		PRAVIDELNÉ AUDITY A KONTROLY
	</h4>
	<p>Cortex, jako tvůrce a autor platformy CareCloud, je držitelem mezinárodně uznávaných ISO 9001:2017, ISO 20000-1:2011 a ISO 27001:2013 certifikátů pro poskytování IT a cloud služeb, mezi které patří hosting aplikací, správa dat, automatické zpracování dat, technická podpora a konzultace.</p>
<p>Pravidelné audity a kontroly ze strany interního DPO, tedy pověřence pro ochranu osobních údajů a externích auditorů zajišťují vysokou kvalitu ochrany osobních údajů a potvrzují trvalé dodržování interních směrnic a platných právních předpisů.</p>
<h4>
		DIGITAL &#038; PHYSICAL SERVER SECURITY
	</h4>
	CareCloud&#8217;s security policies cover both the network and physical access to the servers. Frequent patching and server maintenance assures that the CareCloud application environment is resistant to the majority of cyber-attacks and can react quickly to any unauthorized attempts. All servers are securely in locked racks in a restricted area for maximum protection. Server rooms are impervious to power outages, fire, or any other physical damage.<br />

<h4>
		EFEKTIVNÍ ŘEŠENÍ INCIDENTŮ
	</h4>
	<p>CareCloud doposud nezaznamenal závažné narušení bezpečnosti či jiný závažný bezpečnostní incident. Přesto jsou připraveny procesy a postupy pro rychlé a efektivní vyřešení případného incidentu. V případě narušení bezpečnosti jsou spuštěny procesy rychlé obnovy a zajištění bezpečnosti všech přístupů. Součástí procesů obnovy je rychlý a úplný reporting pro zasažené strany i relevantní státní orgány.</p>
			<a href="#application-overview" role="button" target="_self" onclick="" rel="noopener">
																						OBJEVTE VÍCE
							</a>
			<a href="#explore-cloud" role="button" target="_self" onclick="" rel="noopener">
																						NAPIŠTE NÁM
							</a>
<h4>
		ZÍSKEJTE ODPOVĚDI
	</h4>
<h2>
		Let&#8217;s Talk CLOUD and Explore How to Grow Your Business
	</h2>
<h4>
		ORIGINÁLNÍ CARECLOUD APLIKACE
	</h4>
<h2>
		Rozvíjejte svůj business s podporou těchto integrovaných aplikací
	</h2>
    <!-- If we need navigation buttons -->
    <!-- Slider main container -->
        <!-- Additional required wrapper -->
            <!-- Slides -->
            <a href="/cz/customer-360-view/">
                <img decoding="async" src="https://www.crmcarecloud.com/wp-content/uploads/2020/05/applications-background-crm.png" alt="" />
                Zákazník 360
            </a>
            <a href="/cz/kampane-a-segmentace/">
                <img decoding="async" src="https://www.crmcarecloud.com/wp-content/uploads/2020/05/applications-background-ecs@2.png" alt="" />
                Kampaně a segmentace
            </a>
            <a href="/cz/marketing-automation/">
                <img decoding="async" src="https://www.crmcarecloud.com/wp-content/uploads/2020/05/applications-background-ma-2.png" alt="" />
                Marketingová automatizace
            </a>
            <a href="/cz/analyza-a-predikce/">
                <img decoding="async" src="https://www.crmcarecloud.com/wp-content/uploads/2020/05/applications-background-reporting-2.png" alt="" />
                Analýza a predikce
            </a>
            <a href="/cz/vernostni-programy/">
                <img decoding="async" src="https://www.crmcarecloud.com/wp-content/uploads/2020/05/applications-background-administrace-2.png" alt="" />
                Věrnostní programy
            </a>
            <a href="https://www.crmcarecloud.com/cz/additional-integrations/#application-warehouse">                <img decoding="async" src="https://www.crmcarecloud.com/wp-content/uploads/2020/05/applications-background-pcs-2.png" alt="" />                Shipments &#038; Warehouse            </a>
            <a href="https://www.crmcarecloud.com/cz/additional-integrations/#application-invoices">                <img decoding="async" src="https://www.crmcarecloud.com/wp-content/uploads/2020/05/applications-background-invoices-2.png" alt="" />                Billing &#038; Invoices            </a>
            <a href="https://www.crmcarecloud.com/cz/additional-integrations/#application-eshop">                <img decoding="async" src="https://www.crmcarecloud.com/wp-content/uploads/2020/05/applications-background-eshop-2.png" alt="" />                E-shop &#038; Administration            </a>
            <a href="https://www.crmcarecloud.com/cz/additional-integrations/#application-webmail">                <img decoding="async" src="https://www.crmcarecloud.com/wp-content/uploads/2020/05/applications-background-webmail-2.png" alt="" />                Webmail server            </a>
            <a href="https://www.crmcarecloud.com/cz/additional-integrations/#application-reservation">                <img decoding="async" src="https://www.crmcarecloud.com/wp-content/uploads/2020/05/applications-background-orls-2.png" alt="" />                Rezervační systém            </a>
    <!-- If we need navigation buttons -->
<link rel="stylesheet" href="https://unpkg.com/swiper/css/swiper.min.css"/>
<link rel="stylesheet" href="https://cdn.carecloud.cz/crmcarecloud.com/apps-overview/apps-overview.css"/>
